1136808 and 1350?
54
Calculate the greatest common factor of 11488102 and 5094.
566
What is the highest common divisor of 11271806 and 2366?
182
Calculate the highest common divisor of 28 and 117234838.
14
What is the highest common divisor of 49 and 599593939?
49
What is the highest common divisor of 38540 and 37515?
205
Calculate the greatest common divisor of 31026981 and 2377.
2377
What is the highest common divisor of 310688 and 4141582?
2774
Calculate the greatest common divisor of 22638 and 1241268.
294
What is the greatest common factor of 915 and 620553?
183
What is the greatest common divisor of 3485718 and 4248?
18
Calculate the highest common factor of 6695824 and 238.
34
What is the highest common factor of 164 and 481423886?
82
Calculate the greatest common divisor of 1763 and 3705416.
41
What is the greatest common factor of 1177 and 5856538?
107
Calculate the greatest common divisor of 274113 and 8379.
1197
Calculate the highest common factor of 3971 and 11926357.
361
Calculate the highest common factor of 4 and 210533.
1
What is the greatest common divisor of 54 and 442906?
2
Calculate the greatest common divisor of 62024178 and 15039.
1671
What is the highest common divisor of 9087648 and 1046?
1046
Calculate the greatest common divisor of 447 and 205918.
149
Calculate the greatest common factor of 554600004 and 1608.
804
Calculate the highest common divisor of 3460400 and 224475.
1025
Calculate the highest common factor of 26361726 and 414.
138
Calculate the greatest common divisor of 1063088 and 16215056.
3952
What is the greatest common divisor of 3367 and 20207772?
481
Calculate the highest common factor of 35 and 6965190.
5
Calculate the greatest common factor of 232437 and 372.
3
Calculate the highest common factor of 537206 and 8241.
67
Calculate the greatest common factor of 730 and 9648921.
73
What is the highest common factor of 97335200 and 73440?
2720
What is the highest common factor of 27267 and 85461?
183
Calculate the highest common factor of 3252 and 47802774.
1626
Calculate the greatest common divisor of 36760 and 1011019470.
9190
Calculate the highest common divisor of 308 and 1652252.
28
Calculate the highest common factor of 254932 and 1955.
391
Calculate the greatest common divisor of 41021695 and 11440.
715
Calculate the greatest common divisor of 1938127 and 144598.
367
What is the greatest common factor of 2701 and 962651?
73
What is the highest common factor of 2816 and 67013376?
256
Calculate the highest common factor of 1242 and 108943434.
54
Calculate the greatest common factor of 242748224 and 64.
64
What is the greatest common factor of 495 and 4932?
9
What is the highest common factor of 2051415 and 99?
9
Calculate the highest common factor of 1155 and 64376466.
231
Calculate the greatest common divisor of 55496126 and 17.
17
Calculate the greatest common factor of 84 and 9495381.
21
Calculate the highest common divisor of 5709 and 65369953.
1903
Calculate the greatest common divisor of 37009240 and 30960.
1720
What is the greatest common divisor of 4 and 271982024?
4
Calculate the highest common factor of 4884696 and 60.
12
What is the greatest common divisor of 160 and 337260192?
32
What is the highest common factor of 10846914 and 2314?
26
Calculate the greatest common factor of 6885924 and 76892.
1636
Calculate the highest common factor of 666 and 26565408.
666
What is the greatest common factor of 196 and 537788?
4
What is the highest common divisor of 367271167 and 62?
31
What is the highest common divisor of 375 and 702700?
25
Calculate the highest common factor of 16497837 and 6966.
81
Calculate the greatest common factor of 4396266 and 1863.
207
What is the highest common factor of 996751 and 35875?
287
Calculate the greatest common factor of 41707 and 72495.
179
Calculate the highest common divisor of 37525930 and 260.
130
Calculate the highest common divisor of 13172 and 481444.
148
Calculate the greatest common factor of 61160 and 125829.
11
Calculate the greatest common divisor of 9 and 2383527609.
9
What is the greatest common factor of 1702 and 3092756?
74
Calculate the highest common divisor of 180041836 and 260.
52
What is the greatest common divisor of 837521 and 41?
1
What is the greatest common factor of 5632716 and 46976?
1468
What is the greatest common factor of 323515 and 2106185?
445
What is the highest common divisor of 82847 and 76?
1
What is the highest common factor of 246 and 76955565?
123
Calculate the highest common divisor of 5074 and 61691326.
86
Calculate the greatest common divisor of 488 and 38441224.
488
What is the greatest common divisor of 23724 and 328437?
9
What is the greatest common divisor of 4416 and 31986192?
1104
What is the highest common divisor of 45 and 9020340?
45
What is the greatest common divisor of 92020 and 948020?
2140
Calculate the greatest common factor of 43750 and 21369250.
1750
Calculate the greatest common factor of 6188 and 587132.
364
Calculate the highest common divisor of 3548 and 2656.
4
Calculate the greatest common factor of 158263488 and 5310.
1062
What is the greatest common factor of 1480 and 20387740?
740
Calculate the highest common factor of 106 and 6383002.
106
Calculate the greatest common divisor of 2590865092 and 2536.
1268
What is the greatest common factor of 11570 and 628785?
445
What is the highest common divisor of 106885 and 545?
5
Calculate the greatest common factor of 12447 and 378061029.
4149
What is the highest common divisor of 2059 and 1169867?
71
Calculate the highest common factor of 5589192 and 2038776.
7752
Calculate the greatest common factor of 4865 and 374535.
35
Calculate the highest common factor of 286264524 and 546.
546
What is the highest common divisor of 1838820521 and 34?
17
Calculate the greatest common factor of 56 and 327028436.
28
Calculate the greatest common factor of 3937794 and 43127.
427
What is the greatest common divisor of 144216 and 9240?
24
What is the greatest common factor of 19536 and 94610736?
528
What is the highest common factor of 3842 and 242611?
113
What is the highest common factor of 15438466 and 799?
47
Calculate the greatest common divisor of 10158 and 17532.
6
Calculate the greatest common factor of 24196732 and 91.
7
What is the highest common factor of 6 and 112566110?
2
Calculate the highest common factor of 36 and 16519836.
12
Calculate the highest common factor of 127 and 184993661.
127
What is the greatest common factor of 18297560 and 26840?
2440
What is the highest common factor of 483 and 38719051?
161
Calculate the greatest common divisor of 409131810 and 15150.
3030
Calculate the highest common factor of 81110745 and 165.
15
What is the highest common factor of 2464 and 62299699?
77
Calculate the highest common factor of 1769013783 and 9.
9
Calculate the highest common divisor of 35775 and 22131475.
1325
What is the greatest common divisor of 2178 and 6522747?
363
What is the greatest common factor of 159855292 and 4?
4
Calculate the greatest common factor of 175304432 and 16.
16
What is the greatest common divisor of 7 and 245887243?
7
Calculate the highest common divisor of 1643 and 717650.
31
Calculate the highest common factor of 1490006 and 31808.
994
Calculate the greatest common divisor of 36052830 and 3300.
330
What is the greatest common factor of 312 and 2723799?
39
What is the greatest common divisor of 1761 and 90258294?
1761
Calculate the greatest common factor of 6576 and 295509.
411
Calculate the greatest common divisor of 34 and 5596283278.
34
What is the highest common factor of 21686 and 1058547875?
10843
Calculate the greatest common factor of 17676 and 1422427.
491
What is the greatest common divisor of 20664 and 2702?
14
Calculate the greatest common divisor of 29980 and 58455004.
5996
Calculate the highest common factor of 8471409 and 13527.
501
What is the highest common divisor of 156587 and 40562?
17
Calculate the greatest common divisor of 225362 and 263858.
802
What is the greatest common factor of 1170 and 182706615?
585
Calculate the highest common factor of 354 and 19014638.
118
What is the highest common divisor of 5977545 and 105?
105
Calculate the greatest common divisor of 23 and 391442497.
23
What is the hig